{"id":71,"date":"2020-01-27T08:15:05","date_gmt":"2020-01-26T21:15:05","guid":{"rendered":"https:\/\/demosites.io\/web-agency-gb\/?page_id=71"},"modified":"2023-03-14T10:41:06","modified_gmt":"2023-03-13T23:41:06","slug":"15c42-web-agency-gb-portfolio-single","status":"publish","type":"page","link":"https:\/\/ankgestion.com\/?page_id=71","title":{"rendered":"Services"},"content":{"rendered":"\n<div style=\"height:51px\" aria-hidden=\"true\" class=\"wp-block-spacer\"><\/div>\n\n\n\n<h2 class=\"wp-block-heading\">Nos Services<\/h2>\n\n\n\n<div class=\"wp-block-columns alignwide is-layout-flex wp-container-core-columns-is-layout-9d6595d7 wp-block-columns-is-layout-flex\">\n<div class=\"wp-block-column has-text-color has-background has-link-color wp-elements-c5900f761f0123b17eca338ec2d17901 is-layout-flow wp-block-column-is-layout-flow\" style=\"color:#000000;background-color:#ffe97d;padding-top:2em;padding-right:2em;padding-bottom:2em;padding-left:2em\">\n<h2 class=\"wp-block-heading\" id=\"single\" style=\"font-size:40px\">Accompagnement Mensuel<\/h2>\n\n\n\n<p class=\"has-normal-font-size\" style=\"line-height:1.5\"><strong>Votre situation: <\/strong><\/p>\n\n\n\n<p class=\"has-normal-font-size\" style=\"line-height:1.5\">Vous manquez d\u2019indicateurs pour prendre les meilleures d\u00e9cisions ?<\/p>\n\n\n\n<p class=\"has-normal-font-size\" style=\"line-height:1.5\">Vous \u00eates stress\u00e9 par l\u2019isolement et le manque de visibilit\u00e9 ?<\/p>\n\n\n\n<p class=\"has-normal-font-size\" style=\"line-height:1.5\">Vous subissez une tr\u00e9sorerie irr\u00e9guli\u00e8re ? <\/p>\n\n\n\n<hr class=\"wp-block-separator has-text-color has-css-opacity has-background is-style-wide\" style=\"background-color:#000000;color:#000000\"\/>\n\n\n\n<h4 class=\"wp-block-heading\">Nos solutions<\/h4>\n\n\n\n<ul>\n<li>Etablir un constat, d\u00e9finir des objectifs, construire un plan d&rsquo;action<\/li>\n<li>Mise en place et suivi des objectifs et des indicateurs cl\u00e9s<\/li>\n<li>Optimisation de votre organisation globale et celle de l&rsquo;entreprise<\/li>\n<\/ul>\n\n\n\n<div class=\"wp-block-buttons is-layout-flex wp-block-buttons-is-layout-flex\">\n<div class=\"wp-block-button has-custom-width wp-block-button__width-100\"><a class=\"wp-block-button__link has-nv-text-dark-bg-color has-nv-c-1-background-color has-text-color has-background wp-element-button\">A partir de 12 000 XPF par mois<\/a><\/div>\n<\/div>\n<\/div>\n\n\n\n<div class=\"wp-block-column has-text-color has-background has-link-color wp-elements-548fc26f13c9f03796cdc28d6c09e660 is-layout-flow wp-block-column-is-layout-flow\" style=\"color:#000000;background-color:#d1d1e1;padding-top:2em;padding-right:2em;padding-bottom:2em;padding-left:2em\">\n<h2 class=\"wp-block-heading\" id=\"family\" style=\"font-size:40px\">D\u00e9veloppement Comp\u00e9tences Gestion<\/h2>\n\n\n\n<p class=\"has-normal-font-size\" style=\"line-height:1.5\"><strong>Votre situation:<\/strong><\/p>\n\n\n\n<p><\/p>\n\n\n\n<p class=\"has-normal-font-size\" style=\"line-height:1.5\">Vous avez besoin d&rsquo;aide pour obtenir un financement ?<\/p>\n\n\n\n<p class=\"has-normal-font-size\" style=\"line-height:1.5\">Vous ne vous en sortez pas dans la cr\u00e9ation de votre projet d&rsquo;entreprise ?<\/p>\n\n\n\n<p>Vous n&rsquo;avez pas de comp\u00e9tences en gestion ?<\/p>\n\n\n\n<hr class=\"wp-block-separator has-css-opacity is-style-wide\"\/>\n\n\n\n<h4 class=\"wp-block-heading\">Nos solutions<\/h4>\n\n\n\n<ul class=\"wp-block-list\">\n<li>Cr\u00e9ation d&rsquo;un Plan de tr\u00e9sorerie<\/li>\n\n\n\n<li>D\u00e9veloppement d&rsquo;un Business plan fiable et viable<\/li>\n\n\n\n<li>Entretien de d\u00e9veloppement de comp\u00e9tences en gestion<\/li>\n<\/ul>\n\n\n\n<div class=\"wp-block-buttons is-layout-flex wp-block-buttons-is-layout-flex\">\n<div class=\"wp-block-button has-custom-width wp-block-button__width-100\"><a class=\"wp-block-button__link has-nv-site-bg-color has-nv-c-1-background-color has-text-color has-background wp-element-button\" href=\"http:\/\/ankgestion.com\/?page_id=75\">Nous contacter pour un devis<\/a><\/div>\n<\/div>\n<\/div>\n\n\n\n<div class=\"wp-block-column has-text-color has-background has-link-color wp-elements-dc95406dbb0a97026b7b2bc5aeb7387e is-layout-flow wp-block-column-is-layout-flow\" style=\"color:#000000;background-color:#c0ebf1;padding-top:2em;padding-right:2em;padding-bottom:2em;padding-left:2em\">\n<h2 class=\"wp-block-heading\" id=\"patron\" style=\"font-size:40px\">Cr\u00e9ation d&rsquo;outils personnalis\u00e9s<\/h2>\n\n\n\n<p class=\"has-normal-font-size\">Votre situation:<\/p>\n\n\n\n<p>Vous perdez du temps sur des t\u00e2ches r\u00e9p\u00e9titives sans valeur ajout\u00e9e ?<\/p>\n\n\n\n<p>Vous avez du stock mais ne savez pas l&rsquo;optimiser pour g\u00e9n\u00e9rer plus de tr\u00e9sorerie ?<\/p>\n\n\n\n<p>Vous \u00eates perdus face \u00e0 tous vos projets ?<\/p>\n\n\n\n<hr class=\"wp-block-separator has-css-opacity is-style-wide\"\/>\n\n\n\n<h4 class=\"wp-block-heading\">Nos solutions<\/h4>\n\n\n\n<ul class=\"wp-block-list\">\n<li>Cr\u00e9ation d&rsquo;outils d&rsquo;optimisation<\/li>\n\n\n\n<li>D\u00e9veloppement d&rsquo;outil de gestion de stock<\/li>\n\n\n\n<li>Aide \u00e0 la gestion de projet<\/li>\n<\/ul>\n\n\n\n<div class=\"wp-block-buttons is-layout-flex wp-block-buttons-is-layout-flex\">\n<div class=\"wp-block-button has-custom-width wp-block-button__width-100\"><a class=\"wp-block-button__link has-nv-site-bg-color has-nv-c-1-background-color has-text-color has-background wp-element-button\" href=\"http:\/\/ankgestion.com\/?page_id=75\">Nous contacter pour un devis<\/a><\/div>\n<\/div>\n<\/div>\n<\/div>\n","protected":false},"excerpt":{"rendered":"<p>Nos Services Accompagnement Mensuel Votre situation: Vous manquez d\u2019indicateurs pour prendre les meilleures d\u00e9cisions ? Vous \u00eates stress\u00e9 par l\u2019isolement et le manque de visibilit\u00e9 ? Vous subissez une tr\u00e9sorerie irr\u00e9guli\u00e8re ? Nos solutions Etablir un constat, d\u00e9finir des objectifs, construire un plan d&rsquo;action Mise en place et suivi des objectifs et des indicateurs cl\u00e9s&hellip;&nbsp;<a href=\"https:\/\/ankgestion.com\/?page_id=71\" class=\"\" rel=\"bookmark\">Lire la suite &raquo;<span class=\"screen-reader-text\">Services<\/span><\/a><\/p>\n","protected":false},"author":1,"featured_media":0,"parent":0,"menu_order":0,"comment_status":"closed","ping_status":"closed","template":"","meta":{"neve_meta_sidebar":"default","neve_meta_container":"","neve_meta_enable_content_width":"on","neve_meta_content_width":100,"neve_meta_title_alignment":"center","neve_meta_author_avatar":"","neve_post_elements_order":"","neve_meta_disable_header":"","neve_meta_disable_footer":"","neve_meta_disable_title":"on","_ti_tpc_template_sync":false,"_ti_tpc_template_id":"bhii09ux20eago4lvw13","footnotes":""},"class_list":["post-71","page","type-page","status-publish","hentry"],"_links":{"self":[{"href":"https:\/\/ankgestion.com\/index.php?rest_route=\/wp\/v2\/pages\/71","targetHints":{"allow":["GET"]}}],"collection":[{"href":"https:\/\/ankgestion.com\/index.php?rest_route=\/wp\/v2\/pages"}],"about":[{"href":"https:\/\/ankgestion.com\/index.php?rest_route=\/wp\/v2\/types\/page"}],"author":[{"embeddable":true,"href":"https:\/\/ankgestion.com\/index.php?rest_route=\/wp\/v2\/users\/1"}],"replies":[{"embeddable":true,"href":"https:\/\/ankgestion.com\/index.php?rest_route=%2Fwp%2Fv2%2Fcomments&post=71"}],"version-history":[{"count":14,"href":"https:\/\/ankgestion.com\/index.php?rest_route=\/wp\/v2\/pages\/71\/revisions"}],"predecessor-version":[{"id":494,"href":"https:\/\/ankgestion.com\/index.php?rest_route=\/wp\/v2\/pages\/71\/revisions\/494"}],"wp:attachment":[{"href":"https:\/\/ankgestion.com\/index.php?rest_route=%2Fwp%2Fv2%2Fmedia&parent=71"}],"curies":[{"name":"wp","href":"https:\/\/api.w.org\/{rel}","templated":true}]}}