{"id":2,"date":"2022-05-04T19:26:35","date_gmt":"2022-05-04T19:26:35","guid":{"rendered":"http:\/\/ankgestion.com\/?page_id=2"},"modified":"2026-03-05T11:36:15","modified_gmt":"2026-03-05T00:36:15","slug":"sample-page","status":"publish","type":"page","link":"https:\/\/ankgestion.com\/?page_id=2","title":{"rendered":"T\u00e9moignages"},"content":{"rendered":"\n<h3 class=\"wp-block-heading\">Voici quelques exemples de missions &amp; t\u00e9moignages<\/h3>\n\n\n\n<h3 class=\"wp-block-heading\">Mission: Cr\u00e9ation d&rsquo;un outil de gestion de stock sur excel &amp; suivi mensuel du stock (r\u00e9assort, commande, statistiques ventes, rentabilit\u00e9)<\/h3>\n\n\n\n<div class=\"wp-block-columns is-layout-flex wp-container-core-columns-is-layout-9d6595d7 wp-block-columns-is-layout-flex\">\n<div class=\"wp-block-column is-layout-flow wp-block-column-is-layout-flow\">\n<figure class=\"wp-block-image size-full\"><img loading=\"lazy\" decoding=\"async\" width=\"753\" height=\"371\" src=\"https:\/\/ankgestion.com\/wp-content\/uploads\/2023\/03\/Logo-LCC.jpg\" alt=\"\" class=\"wp-image-490\" srcset=\"https:\/\/ankgestion.com\/wp-content\/uploads\/2023\/03\/Logo-LCC.jpg 753w, https:\/\/ankgestion.com\/wp-content\/uploads\/2023\/03\/Logo-LCC-300x148.jpg 300w\" sizes=\"auto, (max-width: 753px) 100vw, 753px\" \/><\/figure>\n<\/div>\n\n\n\n<div class=\"wp-block-column is-layout-flow wp-block-column-is-layout-flow\">\n<blockquote class=\"wp-block-quote is-layout-flow wp-block-quote-is-layout-flow\">\n<p>\u00ab\u00a0J&rsquo;avais besoin d&rsquo;un vrai outil de gestion de stock et de pouvoir d\u00e9l\u00e9guer la logistique des r\u00e9assorts. Anne- Carole a tout de suite saisi les sp\u00e9cificit\u00e9s de mon activit\u00e9 d&rsquo;artiste et d&rsquo;artisan d&rsquo;art et m&rsquo;a cr\u00e9\u00e9 un tableau de gestion personnalis\u00e9 et \u00e9volutif, avec un suivi et test sur 3 mois. <\/p>\n\n\n\n<p>Merci Anne-Carole de ton implication, je me sens r\u00e9ellement soutenue et c&rsquo;est vraiment bon de pouvoir d\u00e9l\u00e9guer pour la premi\u00e8re fois!\u00a0\u00bb<\/p>\n<cite>June Pietra, Artiste et Artisan d&rsquo;art<\/cite><\/blockquote>\n<\/div>\n<\/div>\n\n\n\n<hr class=\"wp-block-separator has-text-color has-nv-c-1-color has-alpha-channel-opacity has-nv-c-1-background-color has-background\"\/>\n\n\n\n<h3 class=\"wp-block-heading\">Mission: Cr\u00e9ation Excel d&rsquo;un outil financier pr\u00e9visionnel et de gestion de stock avec suivi mensuel<\/h3>\n\n\n\n<div class=\"wp-block-columns is-layout-flex wp-container-core-columns-is-layout-9d6595d7 wp-block-columns-is-layout-flex\">\n<div class=\"wp-block-column is-layout-flow wp-block-column-is-layout-flow\">\n<figure class=\"wp-block-image size-full\"><img loading=\"lazy\" decoding=\"async\" width=\"308\" height=\"240\" src=\"https:\/\/ankgestion.com\/wp-content\/uploads\/2023\/10\/UV-Vertical-Couleur.png\" alt=\"\" class=\"wp-image-502\" srcset=\"https:\/\/ankgestion.com\/wp-content\/uploads\/2023\/10\/UV-Vertical-Couleur.png 308w, https:\/\/ankgestion.com\/wp-content\/uploads\/2023\/10\/UV-Vertical-Couleur-300x234.png 300w\" sizes=\"auto, (max-width: 308px) 100vw, 308px\" \/><\/figure>\n<\/div>\n\n\n\n<div class=\"wp-block-column is-layout-flow wp-block-column-is-layout-flow\">\n<blockquote class=\"wp-block-quote is-layout-flow wp-block-quote-is-layout-flow\">\n<p>\u00a0Anne-Carole a tout de suite cern\u00e9 ma demande et r\u00e9pondu de mani\u00e8re compl\u00e8te et pr\u00e9cise. Elle m\u2019a mis en place un tableau de suivi et pr\u00e9vision de stock, suivi des ventes, marges et pr\u00e9visionnel. Nous faisons un point mensuel et elle fait \u00e9voluer le tableau en fonction des besoins qui s\u2019affinent avec le temps. C\u2019est un vrai plus d\u2019avoir le regard de quelqu\u2019un d\u2019ext\u00e9rieur avec cette expertise!<\/p>\n<cite>Thibault Vivier, G\u00e9rant<\/cite><\/blockquote>\n<\/div>\n<\/div>\n\n\n\n<hr class=\"wp-block-separator has-text-color has-nv-c-1-color has-alpha-channel-opacity has-nv-c-1-background-color has-background\"\/>\n\n\n\n<h3 class=\"wp-block-heading\">Mission: Cr\u00e9ation du plan financier &#8211; Plan de financement \/ Plan de tr\u00e9sorerie \/ Compte de r\u00e9sultat pr\u00e9visionnel \/ Seuil de rentabilit\u00e9<\/h3>\n\n\n\n<div class=\"wp-block-columns is-layout-flex wp-container-core-columns-is-layout-9d6595d7 wp-block-columns-is-layout-flex\">\n<div class=\"wp-block-column is-layout-flow wp-block-column-is-layout-flow\">\n<figure class=\"wp-block-image size-full\"><img loading=\"lazy\" decoding=\"async\" width=\"320\" height=\"152\" src=\"https:\/\/ankgestion.com\/wp-content\/uploads\/2023\/10\/PArfums-Olive-Logo.png\" alt=\"\" class=\"wp-image-503\" srcset=\"https:\/\/ankgestion.com\/wp-content\/uploads\/2023\/10\/PArfums-Olive-Logo.png 320w, https:\/\/ankgestion.com\/wp-content\/uploads\/2023\/10\/PArfums-Olive-Logo-300x143.png 300w\" sizes=\"auto, (max-width: 320px) 100vw, 320px\" \/><\/figure>\n<\/div>\n\n\n\n<div class=\"wp-block-column is-layout-flow wp-block-column-is-layout-flow\">\n<blockquote class=\"wp-block-quote is-layout-flow wp-block-quote-is-layout-flow\">\n<p>J\u2019ai fait appel \u00e0 Anne Carole pour mettre en place un plan financier et des tableaux de bord de mon activit\u00e9.&nbsp;D\u2019une efficacit\u00e9 redoutable, Anne Carole a r\u00e9pondu \u00e0 ma demande tr\u00e8s rapidement et a mis en place des outils tr\u00e8s performants. En prime une super p\u00e9dagogie qui me permet d\u2019\u00eatre autonome dans son utilisation. Je recommande \u00e0 100 % Anne Carole pour son professionnalisme, sa gentillesse et sa disponibilit\u00e9<\/p>\n<cite>St\u00e9phane Jurion, G\u00e9rant<\/cite><\/blockquote>\n<\/div>\n<\/div>\n\n\n\n<hr class=\"wp-block-separator has-text-color has-nv-c-1-color has-alpha-channel-opacity has-nv-c-1-background-color has-background is-style-default\"\/>\n\n\n\n<h3 class=\"wp-block-heading\"><strong>Mission: Cr\u00e9ation et Optimisation d&rsquo;outil de collectes de donn\u00e9es<\/strong><\/h3>\n\n\n\n<div class=\"wp-block-columns is-layout-flex wp-container-core-columns-is-layout-9d6595d7 wp-block-columns-is-layout-flex\">\n<div class=\"wp-block-column is-layout-flow wp-block-column-is-layout-flow\">\n<figure class=\"wp-block-image size-full is-resized\"><img loading=\"lazy\" decoding=\"async\" width=\"500\" height=\"500\" src=\"https:\/\/ankgestion.com\/wp-content\/uploads\/2022\/09\/Logo-Ame-et-Sens.jpg\" alt=\"\" class=\"wp-image-404\" style=\"width:290px;height:290px\" srcset=\"https:\/\/ankgestion.com\/wp-content\/uploads\/2022\/09\/Logo-Ame-et-Sens.jpg 500w, https:\/\/ankgestion.com\/wp-content\/uploads\/2022\/09\/Logo-Ame-et-Sens-300x300.jpg 300w, https:\/\/ankgestion.com\/wp-content\/uploads\/2022\/09\/Logo-Ame-et-Sens-150x150.jpg 150w\" sizes=\"auto, (max-width: 500px) 100vw, 500px\" \/><\/figure>\n<\/div>\n\n\n\n<div class=\"wp-block-column is-layout-flow wp-block-column-is-layout-flow\">\n<blockquote class=\"wp-block-quote is-layout-flow wp-block-quote-is-layout-flow\">\n<p>\u00ab\u00a0Anne Carole m&rsquo;a permis de d\u00e9couvrir des outils de travail, d&rsquo;organisation et de structuration qui m&rsquo;ont beaucoup aid\u00e9 dans la mise en place de mon activit\u00e9 de th\u00e9rapeute. Ses domaines de sp\u00e9cialisation sont vastes et j&rsquo;ai \u00e9t\u00e9 totalement combl\u00e9e de sa capacit\u00e9 \u00e0 faciliter mon travail d&rsquo;entrepreneuriat. Anne Carole est tr\u00e8s r\u00e9active et arrive rapidement \u00e0 cerner les situations et de trouver des solutions adapt\u00e9es aux besoins. Je recommande les yeux ferm\u00e9s\u00a0\u00bb<\/p>\n<cite>Emilie, G\u00e9rante<br><br><\/cite><\/blockquote>\n<\/div>\n<\/div>\n\n\n\n<hr class=\"wp-block-separator has-text-color has-nv-c-1-color has-alpha-channel-opacity has-nv-c-1-background-color has-background is-style-default\"\/>\n\n\n\n<h3 class=\"wp-block-heading\"><strong>Mission: Cr\u00e9ation<\/strong> d&rsquo;un tableau pr\u00e9visionnel et d&rsquo;un plan de tr\u00e9sorerie<\/h3>\n\n\n\n<div class=\"wp-block-columns is-layout-flex wp-container-core-columns-is-layout-9d6595d7 wp-block-columns-is-layout-flex\">\n<div class=\"wp-block-column is-layout-flow wp-block-column-is-layout-flow\">\n<figure class=\"wp-block-image size-large is-resized\"><img loading=\"lazy\" decoding=\"async\" width=\"1024\" height=\"1024\" src=\"https:\/\/ankgestion.com\/wp-content\/uploads\/2022\/09\/Logo-Chez-Marguerite-2-1024x1024.jpg\" alt=\"\" class=\"wp-image-405\" style=\"width:294px;height:294px\" srcset=\"https:\/\/ankgestion.com\/wp-content\/uploads\/2022\/09\/Logo-Chez-Marguerite-2-1024x1024.jpg 1024w, https:\/\/ankgestion.com\/wp-content\/uploads\/2022\/09\/Logo-Chez-Marguerite-2-300x300.jpg 300w, https:\/\/ankgestion.com\/wp-content\/uploads\/2022\/09\/Logo-Chez-Marguerite-2-150x150.jpg 150w, https:\/\/ankgestion.com\/wp-content\/uploads\/2022\/09\/Logo-Chez-Marguerite-2-768x768.jpg 768w, https:\/\/ankgestion.com\/wp-content\/uploads\/2022\/09\/Logo-Chez-Marguerite-2-1536x1536.jpg 1536w, https:\/\/ankgestion.com\/wp-content\/uploads\/2022\/09\/Logo-Chez-Marguerite-2.jpg 1875w\" sizes=\"auto, (max-width: 1024px) 100vw, 1024px\" \/><\/figure>\n<\/div>\n\n\n\n<div class=\"wp-block-column is-layout-flow wp-block-column-is-layout-flow\">\n<blockquote class=\"wp-block-quote is-layout-flow wp-block-quote-is-layout-flow\">\n<p>\u00ab\u00a0ANK Gestion m&rsquo;a fourni rapidement des \u00e9l\u00e9ments simples d&rsquo;utilisation valid\u00e9s par mon banquier!\u00a0\u00bb<\/p>\n<cite>Marguerite, G\u00e9rante<\/cite><\/blockquote>\n<\/div>\n<\/div>\n\n\n\n<hr class=\"wp-block-separator has-text-color has-nv-c-1-color has-alpha-channel-opacity has-nv-c-1-background-color has-background is-style-default\"\/>\n\n\n\n<h3 class=\"wp-block-heading\">Mission: cr\u00e9ation d&rsquo;un outil de gestion de stock Excel &amp; d\u00e9veloppement macro pour travailler donn\u00e9es brut csv<\/h3>\n\n\n\n<div class=\"wp-block-media-text is-stacked-on-mobile is-vertically-aligned-center\" style=\"grid-template-columns:46% auto\"><figure class=\"wp-block-media-text__media\"><a href=\"https:\/\/ile-o-pepites.nc\/\"><img loading=\"lazy\" decoding=\"async\" width=\"976\" height=\"405\" src=\"https:\/\/ankgestion.com\/wp-content\/uploads\/2022\/10\/Logo-IOP.gif\" alt=\"\" class=\"wp-image-478 size-full\"\/><\/a><\/figure><div class=\"wp-block-media-text__content\">\n<p><\/p>\n\n\n\n<blockquote class=\"wp-block-quote is-layout-flow wp-block-quote-is-layout-flow\">\n<p>\u00ab\u00a0Nous avions besoin d&rsquo;un tableau excel pour mieux piloter notre stock avec des chiffres cl\u00e9s et des donn\u00e9es simples d&rsquo;utilisation. Mission r\u00e9ussie par ANK Gestion, Merci!\u00a0\u00bb<\/p>\n<cite>Graziella, G\u00e9rante<\/cite><\/blockquote>\n<\/div><\/div>\n\n\n\n<p><\/p>\n\n\n\n<hr class=\"wp-block-separator has-text-color has-nv-c-1-color has-alpha-channel-opacity has-nv-c-1-background-color has-background is-style-default\"\/>\n\n\n\n<h3 class=\"wp-block-heading\">Missions: Cr\u00e9ation et mise \u00e0 jour d&rsquo;un planning Gantt Gestion de projet, accompagnement mensuel en gestion et suivi des indicateurs cl\u00e9s<\/h3>\n\n\n\n<div class=\"wp-block-columns is-layout-flex wp-container-core-columns-is-layout-9d6595d7 wp-block-columns-is-layout-flex\">\n<div class=\"wp-block-column is-layout-flow wp-block-column-is-layout-flow\">\n<figure class=\"wp-block-image size-full\"><img loading=\"lazy\" decoding=\"async\" width=\"309\" height=\"96\" src=\"https:\/\/ankgestion.com\/wp-content\/uploads\/2023\/03\/Thales.png\" alt=\"\" class=\"wp-image-498\" srcset=\"https:\/\/ankgestion.com\/wp-content\/uploads\/2023\/03\/Thales.png 309w, https:\/\/ankgestion.com\/wp-content\/uploads\/2023\/03\/Thales-300x93.png 300w\" sizes=\"auto, (max-width: 309px) 100vw, 309px\" \/><\/figure>\n<\/div>\n\n\n\n<div class=\"wp-block-column is-layout-flow wp-block-column-is-layout-flow\">\n<blockquote class=\"wp-block-quote is-layout-flow wp-block-quote-is-layout-flow\">\n<p>\u00ab\u00a0Je n&rsquo;y voyais pas clair financi\u00e8rement dans la gestion de mon entreprise et d&rsquo;un chantier en particulier. Anne-Carole a su r\u00e9pondre \u00e0 mes besoins en utilisant toute sa palette de comp\u00e9tences: accompagnement, formation, d\u00e9veloppement d&rsquo;outils adapt\u00e9s. Nous avons mis en place un suivi mensuel, son implication et son envie que je r\u00e9ussisse sont des atouts majeurs. Merci\u00a0\u00bb<\/p>\n<cite>Glen Saliga, G\u00e9rant<\/cite><\/blockquote>\n<\/div>\n<\/div>\n\n\n\n<p><\/p>\n","protected":false},"excerpt":{"rendered":"<p>Voici quelques exemples de missions &amp; t\u00e9moignages Mission: Cr\u00e9ation d&rsquo;un outil de gestion de stock sur excel &amp; suivi mensuel du stock (r\u00e9assort, commande, statistiques ventes, rentabilit\u00e9) \u00ab\u00a0J&rsquo;avais besoin d&rsquo;un vrai outil de gestion de stock et de pouvoir d\u00e9l\u00e9guer la logistique des r\u00e9assorts. Anne- Carole a tout de suite saisi les sp\u00e9cificit\u00e9s de mon&hellip;&nbsp;<a href=\"https:\/\/ankgestion.com\/?page_id=2\" class=\"\" rel=\"bookmark\">Lire la suite &raquo;<span class=\"screen-reader-text\">T\u00e9moignages<\/span><\/a><\/p>\n","protected":false},"author":1,"featured_media":0,"parent":0,"menu_order":0,"comment_status":"closed","ping_status":"open","template":"","meta":{"neve_meta_sidebar":"","neve_meta_container":"","neve_meta_enable_content_width":"","neve_meta_content_width":0,"neve_meta_title_alignment":"","neve_meta_author_avatar":"","neve_post_elements_order":"","neve_meta_disable_header":"","neve_meta_disable_footer":"","neve_meta_disable_title":"","_ti_tpc_template_sync":false,"_ti_tpc_template_id":"","footnotes":""},"class_list":["post-2","page","type-page","status-publish","hentry"],"_links":{"self":[{"href":"https:\/\/ankgestion.com\/index.php?rest_route=\/wp\/v2\/pages\/2","targetHints":{"allow":["GET"]}}],"collection":[{"href":"https:\/\/ankgestion.com\/index.php?rest_route=\/wp\/v2\/pages"}],"about":[{"href":"https:\/\/ankgestion.com\/index.php?rest_route=\/wp\/v2\/types\/page"}],"author":[{"embeddable":true,"href":"https:\/\/ankgestion.com\/index.php?rest_route=\/wp\/v2\/users\/1"}],"replies":[{"embeddable":true,"href":"https:\/\/ankgestion.com\/index.php?rest_route=%2Fwp%2Fv2%2Fcomments&post=2"}],"version-history":[{"count":17,"href":"https:\/\/ankgestion.com\/index.php?rest_route=\/wp\/v2\/pages\/2\/revisions"}],"predecessor-version":[{"id":508,"href":"https:\/\/ankgestion.com\/index.php?rest_route=\/wp\/v2\/pages\/2\/revisions\/508"}],"wp:attachment":[{"href":"https:\/\/ankgestion.com\/index.php?rest_route=%2Fwp%2Fv2%2Fmedia&parent=2"}],"curies":[{"name":"wp","href":"https:\/\/api.w.org\/{rel}","templated":true}]}}